421
Let f(t) = -84*t**3 - 1516*t**2 - 55*t + 106. Determine f(-18).
-200
Let s(z) = 1208*z - 376884. Determine s(312).
12
Let s(o) = -1014107*o - 16225719. Give s(-16).
-7
Let o(m) = -m**2 + 127*m - 4209. Determine o(65).
-179
Let r(o) = 5*o**2 + 1199*o - 5938. What is r(5)?
182
Let l(u) = 50414*u - 1360979. Calculate l(27).
199
Let j(p) = p**3 - 221*p**2 + 1243*p + 10109. What is j(215)?
4
Let q(y) = y**2 + 1295*y + 48960. Give q(-39).
-24
Let o(f) = -f**3 + 77*f**2 + 435*f - 1764. Determine o(82).
286
Let k(a) = -a**3 + 983*a**2 + 18028*a + 93. Calculate k(-18).
-87
Let s(v) = -12*v**3 + 383*v**2 + 36*v - 5. Determine s(32).
123
Let k(p) = -72*p**2 + 15431*p + 10526. Give k(215).
-9
Let j(h) = -9*h**3 - 3768*h**2 + 5000*h - 16800. What is j(-420)?
0
Let m(v) = -v**3 + 76*v**2 - 1119*v - 1982. What is m(55)?
-2
Let u(b) = -318*b - 48226. What is u(-150)?
-526
Let x(f) = f**3 - 47*f**2 - 418*f + 778. Give x(-9).
4
Let l(k) = 1496*k + 38772. What is l(-26)?
-124
Let j(k) = 48*k**2 + 349*k - 263. Give j(-9).
484
Let s(n) = -2*n**3 - 24*n**2 + 27209*n + 245391. Calculate s(-9).
24
Let m(o) = 4*o**3 + 7889*o**2 + 371328*o - 7699. Calculate m(-1924).
-3
Let n(f) = 2*f**3 + 23*f**2 + 129*f + 815. Determine n(-9).
59
Let p(f) = f**3 - 228*f**2 + 4800*f - 93776. What is p(207)?
-5
Let n(u) = -u**3 - 3*u**2 + 112*u + 353. What is n(-12)?
305
Let n(c) = -163507*c + 56082893. Calculate n(343).
-8
Let p(q) = -234*q + 3774. Give p(13).
732
Let r(m) = -15*m - 2719. What is r(-165)?
-244
Let d(g) = -6*g**2 + 20312*g - 343591. Calculate d(17).
-21
Let n(q) = 1167*q + 15797. Give n(-13).
626
Let c(j) = -j**3 + 60*j**2 - 7*j + 204. What is c(60)?
-216
Let i(g) = 73*g**2 - 3536*g - 5583. Give i(50).
117
Let u(l) = l**3 + 172*l**2 + 646*l - 4358. Calculate u(-168).
10
Let i(p) = 2*p**2 + 33093*p - 2226216. What is i(67)?
-7
Let z(j) = 4793*j - 531863. Calculate z(111).
160
Let v(c) = 1397*c + 162913. What is v(-117)?
-536
Let v(a) = a**3 - 14*a**2 - 129*a + 1106. Calculate v(-10).
-4
Let i(f) = 417*f + 25855. Give i(-62).
1
Let r(k) = -12408*k - 49130. Calculate r(-4).
502
Let w(r) = -797*r**2 + 5584*r - 4. Calculate w(7).
31
Let s(t) = -t**3 + 181*t**2 - 368*t + 3064. Calculate s(179).
1274
Let u(z) = z**3 - 29*z**2 - 493*z + 1153. Calculate u(41).
1112
Let b(m) = -46*m - 654. Calculate b(4).
-838
Let r(s) = 35*s**3 - 699*s**2 - 2*s - 313. Give r(20).
47
Let j(g) = g**2 + 102*g - 772. Calculate j(-110).
108
Let x(w) = 29268*w + 204952. Determine x(-7).
76
Let t(l) = 8*l**2 - 562*l - 367. Calculate t(70).
-507
Let d(n) = 13*n**3 - 66*n**2 - 70*n + 10. What is d(6)?
22
Let x(i) = i**2 + 2340*i - 944528. What is x(351)?
13
Let r(i) = 594*i + 19064. Determine r(-32).
56
Let o(c) = -29*c**2 - 25281*c + 56811. Calculate o(-874).
1
Let x(i) = 2*i**3 + 396*i**2 - 19043*i - 579. What is x(-238)?
135
Let o(q) = -18*q - 371. What is o(19)?
-713
Let k(n) = n**2 + 66201*n + 55483849. Determine k(-849).
1
Let k(i) = 2*i**3 - 1040*i**2 + 33945*i + 2418. Determine k(485).
-7
Let d(l) = -508*l + 130851. What is d(258)?
-213
Let c(o) = -19*o**3 + 1275*o**2 - 114*o - 1083. Calculate c(67).
257
Let l(q) = -q**2 - 637*q + 5859. What is l(9)?
45
Let v(n) = 4*n**3 + 117*n**2 - 499*n - 70. Calculate v(-33).
62
Let v(m) = 42*m**2 - 7015*m - 14184. Calculate v(-2).
14
Let m(t) = -2*t**2 - 1388*t - 19036. Determine m(-680).
4
Let t(h) = -h**2 - 12*h + 1714. Calculate t(-20).
1554
Let h(z) = -754*z**2 - 3795*z - 49. Calculate h(-5).
76
Let d(f) = f**3 - 80*f**2 - 147*f + 12238. Determine d(80).
478
Let q(z) = -9*z**2 + 572*z - 1195. Give q(61).
208
Let c(j) = -2551*j + 356375. Give c(140).
-765
Let o(j) = 2*j**2 + 723*j - 30534. Determine o(38).
-172
Let k(j) = j**2 + 425*j + 2872. Give k(-7).
-54
Let r(n) = 965620*n - 1931220. Calculate r(2).
20
Let r(i) = 6*i**2 - 5*i + 174. Give r(3).
213
Let h(f) = -2*f**3 - 735*f**2 + 380*f + 4367. Determine h(-368).
-49
Let l(u) = -164*u**2 + 973*u + 49. Determine l(6).
-17
Let d(p) = 98472*p - 1083193. Calculate d(11).
-1
Let m(d) = -d**3 - 82*d**2 - 346*d - 8603. Give m(-79).
8
Let m(c) = -c**3 - 31*c**2 + 51*c + 1589. What is m(-31)?
8
Let y(p) = -2*p**2 - 1597*p - 229965. Give y(-610).
5
Let u(a) = 129441*a**2 - 906084*a - 28. Calculate u(7).
-7
Let j(a) = -a**3 - 99*a**2 - 63*a - 16322. Determine j(-100).
-22
Let x(r) = 101*r**3 - 2*r**2 - 779*r + 1556. Calculate x(2).
798
Let c(d) = -7*d**3 + 51*d**2 - 77*d - 41. Calculate c(3).
-2
Let l(n) = 207018*n - 9936859. Calculate l(48).
5
Let z(h) = -8404*h - 227050. Determine z(-27).
-142
Let l(y) = 41794*y + 794094. What is l(-19)?
8
Let i(t) = -9*t**3 + 1727*t**2 + 190*t + 460. Determine i(192).
76
Let x(p) = 9*p**2 + 313*p + 2266. What is x(-15)?
-404
Let x(g) = 3370*g - 60658. Give x(18).
2
Let d(f) = 56*f**2 + 2989*f - 11579. Determine d(-57).
-8
Let o(n) = -n**2 - 1053*n + 17134. Give o(16).
30
Let d(n) = -24027*n - 504568. What is d(-21)?
-1
Let z(u) = -873*u - 382337. Give z(-438).
37
Let k(z) = z**3 - 87*z**2 + 150*z + 2471. Give k(85).
771
Let q(y) = 4*y**3 + 170*y**2 + 574*y + 1025. Calculate q(-39).
-67
Let t(y) = -32*y**2 - 5891*y - 517. What is t(-184)?
35
Let w(k) = 1858*k - 366031. What is w(197)?
-5
Let v(d) = -990*d**2 + 6*d + 4. Give v(1).
-980
Let j(w) = -w**2 + 1471*w - 61299. Give j(43).
105
Let i(y) = 15*y**3 + 3121*y**2 - 2942*y - 3356. What is i(-209)?
-12
Let r(u) = -u**3 - 40*u**2 + 406*u + 1887. What is r(11)?
182
Let k(n) = -40*n**2 - 8329*n + 16810. Determine k(2).
-8
Let b(k) = -45214*k - 3345826. Determine b(-74).
10
Let g(n) = -490*n**2 + 1427*n + 45. What is g(3)?
-84
Let m(s) = 44117*s - 4808759. Determine m(109).
-6
Let y(g) = -g**3 - 81*g**2 - 238*g - 1268. Determine y(-78).
-956
Let f(c) = c**2 + 42*c - 286. Determine f(-47).
-51
Let v(x) = x**3 - 1990*x**2 + 761537*x + 2071. Calculate v(517).
3
Let h(c) = c**3 - 18*c**2 + 1845*c - 15893. What is h(9)?
-17
Let l(h) = -952*h - 23843. Calculate l(-25).
-43
Let j(l) = 3*l**3 - 102*l**2 - 444*l + 23. Calculate j(-4).
-25
Let b(x) = -2*x**3 - 89*x**2 + 1219*x - 11. Calculate b(11).
-33
Let g(j) = 3*j**3 - 30*j**2 + 17*j - 32. Calculate g(10).
138
Let a(b) = 23*b**2 + 1088*b + 3319. Give a(-3).
262
Let f(s) = -1747*s + 21037. Calculate f(12).
73
Let p(w) = 6*w**3 - 29*w**2 - 3023*w - 94. Calculate p(25).
-44
Let g(v) = 406*v**2 + 2008*v - 109. What is g(-5)?
1
Let l(x) = -864*x - 33153. Calculate l(-33).
-4641
Let q(z) = -931*z - 1233. Give q(-3).
1560
Let o(z) = 14*z**3 + 8063*z**2 - 620*z - 25301. What is o(-576)?
43
Let x(m) = -415*m - 20731. Calculate x(-51).
434
Let v(u) = -u**2 - 3156*u - 1469984. Calculate v(-568).
0
Let b(s) = -3*s**2 - 406*s - 8485. Calculate b(-111).
-382
Let l(n) = -n**3 + 11*n**2 - 58*n - 90. Determine l(5).
-230
Let f(q) = 34*q**3 - 112*q**2 + 264*q - 76. Determine f(2).
276
Let l(q) = q**3 + 357*q**2 - 30898*q - 4133. Calculate l(-429).
157
Let r(y) = -y**3 - 16*y + 744. Determine r(0).
744
Let o(m) = 2*m**3 + 40*m**2 + 2577*m + 31142. Calculate o(-13).
7
Let r(s) = -2*s**3 - 1003*s**2 - 520*s - 9517. Determine r(-501).
2
Let j(a) = 3616*a + 386912. Calculate j(-107).
0
Let l(z) = 21*z**3 + 20*z**2 + 231*z + 483. Give l(-3).
-597
Let f(i) = -3*i**2 + 115*i + 401. Give f(-8).
-711
Let h(m) = 5*m**3 + 5*m**2 - 85*m + 77. Calculate h(7).
1442
Let g(v) = -v**3 - 125*v**2 - 179*v - 6775. Determine g(-124).
45
Let y(c) = -2505*c - 15362. Give y(-6).
-332
Let r(c) = 2*c**3 + 248*c**2 - 2351*c + 5671. Calculate r(-133).
-48
Let z(i) = 37192*i**2 + 185961*i + 28. Give z(-5).
23
Let o(h) = -198210*h + 3765984. Calculate o(19).
-6
Let f(k) = 34906*k + 104711. Give f(-3).
-7
Let m(i) = -156320*i + 468906. What is m(3)?
-54
Let n(h) = -h**2 - 103857*h - 1038483. What is n(-10)?
-13
Let j(n) = -4*n - 2029. Determine j(-103).
-1617
Let q(x) = 202*x**2 + 21*x + 28. Determine q(3).
1909
Let z(h) = 2*h**3 - 663*h**2 + 5541*h - 16232. Calculate z(323).
-82
Let q(l) = 4*l**3 - 297*l**2 + 75*l + 416. Give q(74).
490
Let u(i) = -19*i**3 + 61*i**2 + 18*i - 8. Give u(4).
-176
Let o(d) = 3513*d + 572621. What is o(-163)?
2
Let r(c) = -5*c**3 - 79*c**2 - 78*c + 33. Determine r(-15).
303
Let m(j) = -4043*j + 20182. Give m(5).
-33
Let w(p) = -211318*p + 4649030. Give w(22).
34
Let p(k) = -4*k**3 - 35*k**2 - 200*